*2 + 2*s - 1. Let y be r(1). Suppose y*v = v - 3*g - 12, 4*v - 5*g + 7 = 0. What is k(v)?
5
Let o(q) = -q**2 + 7*q - 6. Suppose -5*s = -2*r - 38, 4*s + 4 = 6*s + 2*r. Calculate o(s).
0
Let k = 96 - 101. Let s(o) = o - 3. Give s(k).
-8
Suppose -4*h + 8 = -0*h. Suppose h*v + 0 - 4 = 0. Let j(z) = -2*z**2 + 1. Give j(v).
-7
Let s(u) = -6*u**3 + 11*u**2 - u**3 + 2*u**3 + 6 - 10*u + 4*u**3. Determine s(10).
6
Suppose 5*t + 4*i + 21 = 0, 0 = -2*t - 2*t - 3*i - 17. Let k = -3 - t. Let d(s) = s**3 - 2*s**2 - 2. Give d(k).
-2
Let i be 1/(1/(-4)) - -4. Let t(w) = -w**2 - w. Calculate t(i).
0
Suppose -2*a - 4 = 0, -2*b + 5*a + 1 + 1 = 0. Let x be (-3)/(-5 - 8/b). Let i(w) = -9*w**2 + w - 1. Determine i(x).
-9
Suppose -d - v + 3 = 0, -3*v - v = -2*d + 6. Let j(f) be the second derivative of -1/6*f**3 + 0 + f + d*f**2. Determine j(4).
2
Let f(t) be the first derivative of t**4/4 + t**2/2 - 2*t + 6. Let d be (-1 - -1)*(-3)/(-6). Calculate f(d).
-2
Let n = -2 + 4. Let m(a) be the third derivative of 1/60*a**6 + 1/6*a**3 + n*a**2 + 0 - 1/12*a**4 + 1/60*a**5 + 0*a. Calculate m(-2).
-7
Let t(y) be the third derivative of -y**7/2520 - 7*y**6/720 - y**4/12 + y**2. Let q(l) be the second derivative of t(l). Suppose -6 = 4*b - 3*b. Determine q(b).
6
Let a(c) be the third derivative of -c**5/60 + c**4/4 + 7*c**3/6 + 10*c**2. What is a(6)?
7
Let q be (-2)/6 + 21/9. Suppose -6*f + 3*t + 6 = -f, 4*f - q*t = 6. Let s(r) be the third derivative of r**4/12 - r**3/2 + r**2. Give s(f).
3
Let c(o) = -o**2 + 8*o - 6. Let d(f) = -3*f**2 + 25*f - 18. Let t(s) = -7*c(s) + 2*d(s). What is t(6)?
6
Let c(l) be the second derivative of 2*l**4/3 + l**3/6 - l**2/2 + 3*l. Determine c(1).
8
Suppose 5*o - 15 = -0*o. Suppose 6*y + o = 3*y. Let k(m) = -3*m - 1. What is k(y)?
2
Let x = -5 - -7. Let u(r) = 5 - r - 2*r + x*r - r**2. Let s be u(0). Let p(y) = y**2 - 3*y - 2. Give p(s).
8
Let m(s) = -s**2 + 3*s - 3. Suppose 2*k = 3*v + 20, -2*v + 2*k = -v + 12. Let h be v/12 + (-14)/(-6). Calculate m(h).
-1
Let c(m) = m**3 - 6*m**2 + 6. Let y(w) = -2*w - 2. Let h be y(-4). Let s be c(h). Let o(k) = -k. Calculate o(s).
-6
Let j(a) be the first derivative of a**4/4 - 2*a**3 + 5*a - 3. Let y(f) = 2*f**3 - 13*f**2 + f + 10. Let z(p) = -5*j(p) + 2*y(p). What is z(4)?
3
Let b(n) = 16*n**3 - 10*n**2 - 25*n + 31. Let z(o) = -3*o**3 + 2*o**2 + 5*o - 6. Let a(m) = 2*b(m) + 11*z(m). Determine a(3).
2
Let q be ((-24)/18)/((-2)/(-3)). Let p be 1/q*(-5 - -7). Let f(s) = s**3 - 2*s**2 + 1. Determine f(p).
-2
Let r = -48 - -42. Let p(g) = g**2 + 4*g + 7. What is p(r)?
19
Let o(g) = g**3 - 7*g**2 - g + 2. Let w = 11 - 4. Give o(w).
-5
Let k(r) = 2*r**3 - 2*r**2 - 4*r - 1. Let y(x) = x**3 - x**2 - x. Let p(s) = -k(s) + 3*y(s). What is p(2)?
7
Let o(d) = -19 + 2*d - 4*d + d + 5. Calculate o(0).
-14
Let y(r) = r**3 - 5*r**2 - 2*r + 4. Let m = 1 + 1. Suppose c - m + 0 = 0. Let k = 3 + c. Give y(k).
-6
Let n(w) = 0 + 6 - 7*w - w - 5. What is n(2)?
-15
Let t(y) be the first derivative of -y**3/3 - y**2/2 - y - 1. Let l(z) be the first derivative of t(z). Determine l(-1).
1
Let d(m) = -1 - 4*m - m + 4. Let j(f) = -f**2 - 6*f + 1. Let i be j(-8). Let h = 17 + i. Give d(h).
-7
Let q(t) = 3*t**2 + 5*t**2 + 2*t**2 - 2*t - 11*t**2 + 3. Give q(-3).
0
Let w(p) be the second derivative of 3*p**5/20 - p**4/6 - p**3/3 - p**2/2 + 26*p. Give w(-1).
-4
Suppose -6 = -3*u + 3. Let m(g) = g**3 - 3*g + 1. Give m(u).
19
Let r = -5 - -3. Let m(b) = -b**2 + 2*b + 1. Give m(r).
-7
Let v(y) = -3 - 2*y - 4*y**2 + 2*y**2 - 3*y**2 + y**2. Let w(l) = -7*l**2 - 3*l - 5. Let a(c) = 5*v(c) - 3*w(c). Determine a(1).
0
Let a be (-38)/(-6) - 4/12. Let j(k) = k - 8. Give j(a).
-2
Let o(a) = -20*a - 5. Let z(d) = 3*d + 1. Let v(h) = -6*o(h) - 39*z(h). Determine v(6).
9
Let u(g) = g**3 + 12*g**2 + 12*g + 14. Let b be u(-11). Suppose -3*o + 7 = b*t + 1, -o + 17 = 4*t. Let q(n) = -n + 5. What is q(t)?
0
Let g(c) = 2*c + 7. Let i be (-30)/(-8)*(-16)/6. Let t = i - -5. What is g(t)?
-3
Let r(q) = q - 2. Let g be r(-3). Let z(o) = -o - 1. Let s(j) = -5*j - 1. Let b(m) = -s(m) + 6*z(m). What is b(g)?
0
Let r(f) = 2*f**3 + 5*f**2 + 4*f + 2. Suppose -4*u - 10 = -9*u - 5*m, -2*u + m - 11 = 0. Give r(u).
-19
Suppose -o - 4*o + 10 = 0, 4*o = -5*x - 37. Let k(v) = v**3 + 10*v**2 + 7*v - 12. Give k(x).
6
Let t(r) be the second derivative of r**6/120 - r**5/30 - r**4/6 + r**3/6 + r**2 - 2*r. Let p(j) be the first derivative of t(j). Give p(3).
-2
Suppose -d - 11 = 5*b - 5*d, -5*b + 21 = 4*d. Let i(k) = -11*k**3 - k**2 + k - 1. Calculate i(b).
-12
Let k(l) be the second derivative of -l**3/6 + 15*l**2/2 + 14*l. What is k(0)?
15
Let w be (-3)/(-4) + 55/(-20). Let s(g) = g + 3. Determine s(w).
1
Let d = 36 - 24. Let k be (-16)/d*(-2 - 1). Let m be k/(-14) + (-69)/(-21). Let u(l) = l**3 - 4*l**2 + 2*l - 2. Calculate u(m).
-5
Let t = 7 + -5. Let k(a) = -a + a**2 - t + a - 3*a - 2. Calculate k(4).
0
Let y(d) be the first derivative of 3*d**2/2 - 2*d + 1. Suppose 0 = 313*k - 306*k + 28. Give y(k).
-14
Let h(g) = g**2 - 8*g + 10. Let j be h(4). Let n(m) = -m**3 - 5*m**2 + 8*m + 9. Determine n(j).
-3
Let i(q) = 12 + 61*q - 3 + q**3 - 60*q. Give i(0).
9
Suppose 30 = 4*m + m. Let p(l) = l**3 - 5*l**2 - 6*l + 4. Determine p(m).
4
Suppose m = -1, -5 = -g + 2*m - 2. Suppose -3*h + g = -14. Suppose h = 5*x - 2*n + 14, -4*x - 4*n + 4 = 0. Let w(v) = 2*v + 1. Calculate w(x).
-1
Let p(b) be the third derivative of 11/60*b**5 + 1/6*b**3 + 0*b + 1/12*b**4 + 6*b**2 + 0. Determine p(-1).
10
Let y(g) be the third derivative of 0*g + 0*g**3 + 6*g**2 + 0 - 1/24*g**4. Determine y(3).
-3
Let x(z) = 8 - 2*z - 4 + 3*z. Let n be 1 + (1 - 0) + -10. Let s = n + 4. Calculate x(s).
0
Let g(u) = u**3 + 4*u**2 - 7*u - 6. Suppose i - 6*i + 40 = 0. Let q be (-42)/i + 3/12. Calculate g(q).
4
Suppose 0 = -5*a - 5*z - 10, -a - 4 - 14 = 5*z. Suppose 2*c + a = -2*w, 5 = -4*c - w - 4*w. Let u(n) = 4 - n**3 + 4*n**2 - 2 + c - 3 + 5*n. Give u(5).
-1
Suppose -1 + 16 = 5*v. Let q(u) = -4*u**2 - 1 - 5*u - u**2 + 6*u**2. Determine q(v).
-7
Suppose 5 = 8*m - 11. Let g(w) = 3. Let k(v) = v**3 - v**2 - 2. Let s(x) = 2*g(x) + 3*k(x). Determine s(m).
12
Let p(u) = -1 + 3*u**3 - 2*u + 3*u - 4*u**2 - u**3 - 3*u**3. Let t be p(-4). Let r(c) = 2*c - 2. Calculate r(t).
-12
Let m be ((-2)/3)/(34/51). Let a(z) = -7*z. Determine a(m).
7
Let k(w) = -w**3 + w**2 - w + 1. Let l be (-2)/(-8) + (-31)/(-4). Let d = -6 + l. Calculate k(d).
-5
Let s(i) = i - 5 + 2 + 4. Suppose -5*f = -2*p + 36, -2*p + 1 = -5. Calculate s(f).
-5
Let w(a) be the first derivative of -a**3/3 - a**2/2 - 2*a + 2. Determine w(-3).
-8
Let d(r) be the third derivative of r**4/12 + r**3/6 + 5*r**2. Calculate d(4).
9
Let z(u) = -u**3 - u**2 - u. Let c(p) = 4*p**3 + 7*p**2 + 4*p + 1. Let q(r) = c(r) + 5*z(r). Suppose 12*a = 10*a - s + 1, -2 = 2*a + 2*s. Determine q(a).
-1
Let z(l) be the first derivative of l**3/3 - 7*l**2/2 + 6*l - 1. Let j = -48 + 54. What is z(j)?
0
Let i(x) = 3*x - 3. Let r(n) = -n**2 + 5*n - 5. Let s be r(5). Let u be ((-2)/(-1))/((-1)/(-5)). Let y be 34/u + 2/s. What is i(y)?
6
Let u = 4 + -9. Let g(b) = -b**2 - 4*b + 4. Determine g(u).
-1
Let l(v) = -10*v - 10. Let s(i) = 4*i + 4. Let d(t) = -5*l(t) - 12*s(t). Calculate d(-4).
-6
Let u be (-224)/(-22) - 10/55. Let v = u - 7. Suppose v*p = 3*b - 18 + 6, p + 2 = 2*b. Let w(i) = -i. Calculate w(p).
6
Let j(m) be the first derivative of -3*m**2/2 + 2*m - 6. Suppose -o = -2 - 2. What is j(o)?
-10
Let g be 63/12 - (-9)/12. Let w(h) = h**2 + 1 - 4*h - 1 - 5. What is w(g)?
7
Suppose -12 = 2*n + 2*n. Let u(x) = 3*x + 8. Let j(k) = k + 3. Let h(c) = -7*j(c) + 2*u(c). What is h(n)?
-2
Suppose -5*r + 4 = -11. Let k(q) = -5*q**3 - 11*q**2 + 12*q**2 - 3*q**r. Calculate k(-1).
9
Let a(y) = 3*y**2 + 8 + 2*y**2 + 12 - 19. What is a(1)?
6
Let j(f) be the first derivative of -f**3/3 - f**2/2 + f - 7. Determine j(0).
1
Let z(d) be the second derivative of d**8/6720 - d**7/630 - d**6/180 + d**5/60 + d**4/4 + 3*d. Let j(r) be the third derivative of z(r). Give j(5).
7
Let a(j) = -3*j**3 - 3*j**2 + j - 7. Let o(x) = -x**3 + x**2. Let p(n) = -a(n) + 4*o(n). Calculate p(7).
0
Suppose -5*j + 8*v - 3*v - 20 = 0, -15 = -5*v. Let r(s) = -3*s**2 - 9*s + 7. Let i(a) = a**2 + 5*a - 4. Let k(h) = -7*i(h) - 4*r(h). Cal